{"id":413,"date":"2026-03-18T17:37:02","date_gmt":"2026-03-18T16:37:02","guid":{"rendered":"https:\/\/francaises-ethniques.com\/?page_id=413"},"modified":"2026-04-09T13:13:10","modified_gmt":"2026-04-09T11:13:10","slug":"luxe","status":"publish","type":"page","link":"https:\/\/francaises-ethniques.com\/index.php\/luxe\/","title":{"rendered":"Luxe"},"content":{"rendered":"\t\t<div data-elementor-type=\"wp-page\" data-elementor-id=\"413\" class=\"elementor elementor-413\">\n\t\t\t\t<div class=\"elementor-element elementor-element-7f7d620 e-flex e-con-boxed e-con e-parent\" data-id=\"7f7d620\" data-element_type=\"container\" data-e-type=\"container\">\n\t\t\t\t\t<div class=\"e-con-inner\">\n\t\t<div class=\"elementor-element elementor-element-ac33ec7 e-con-full e-flex e-con e-child\" data-id=\"ac33ec7\" data-element_type=\"container\" data-e-type=\"container\">\n\t\t\t\t<div class=\"elementor-element elementor-element-39ec1be elementor-widget elementor-widget-image\" data-id=\"39ec1be\" data-element_type=\"widget\" data-e-type=\"widget\" data-widget_type=\"image.default\">\n\t\t\t\t\t\t\t\t\t\t\t\t<figure class=\"wp-caption\">\n\t\t\t\t\t\t\t\t\t\t<img alt=\"\" fetchpriority=\"high\" decoding=\"async\" width=\"512\" height=\"512\" src=\"https:\/\/francaises-ethniques.com\/wp-content\/uploads\/2026\/04\/MASERATI-ET-BIANCHET-DEVOILENT-ULTRAFINO-MASERATI-.png\" class=\"attachment-large size-large wp-image-755\" alt=\"\" srcset=\"https:\/\/francaises-ethniques.com\/wp-content\/uploads\/2026\/04\/MASERATI-ET-BIANCHET-DEVOILENT-ULTRAFINO-MASERATI-.png 512w, https:\/\/francaises-ethniques.com\/wp-content\/uploads\/2026\/04\/MASERATI-ET-BIANCHET-DEVOILENT-ULTRAFINO-MASERATI--300x300.png 300w, https:\/\/francaises-ethniques.com\/wp-content\/uploads\/2026\/04\/MASERATI-ET-BIANCHET-DEVOILENT-ULTRAFINO-MASERATI--150x150.png 150w\" sizes=\"(max-width: 512px) 100vw, 512px\" \/>\t\t\t\t\t\t\t\t\t\t\t<figcaption class=\"widget-image-caption wp-caption-text\">UN TOURBILLON VOLANT C\u00c9L\u00c9BRANT LES 100 ANS DU TRIDENT Une \u00e9dition limit\u00e9e de 100 pi\u00e8ces c\u00e9l\u00e9brant la rencontre entre les performances de la Maserati MCPURA et la ma\u00eetrise de la haute horlogerie suisse<\/figcaption>\n\t\t\t\t\t\t\t\t\t\t<\/figure>\n\t\t\t\t\t\t\t\t\t<\/div>\n\t\t\t\t<\/div>\n\t\t<div class=\"elementor-element elementor-element-fa4d1fa e-con-full e-flex e-con e-child\" data-id=\"fa4d1fa\" data-element_type=\"container\" data-e-type=\"container\">\n\t\t\t\t<div class=\"elementor-element elementor-element-9fb7773 elementor-widget elementor-widget-image\" data-id=\"9fb7773\" data-element_type=\"widget\" data-e-type=\"widget\" data-widget_type=\"image.default\">\n\t\t\t\t\t\t\t\t\t\t\t\t<figure class=\"wp-caption\">\n\t\t\t\t\t\t\t\t\t\t<img alt=\"\" decoding=\"async\" width=\"512\" height=\"512\" src=\"https:\/\/francaises-ethniques.com\/wp-content\/uploads\/2026\/04\/Paris-perfume-week-1.png\" class=\"attachment-large size-large wp-image-757\" alt=\"\" srcset=\"https:\/\/francaises-ethniques.com\/wp-content\/uploads\/2026\/04\/Paris-perfume-week-1.png 512w, https:\/\/francaises-ethniques.com\/wp-content\/uploads\/2026\/04\/Paris-perfume-week-1-300x300.png 300w, https:\/\/francaises-ethniques.com\/wp-content\/uploads\/2026\/04\/Paris-perfume-week-1-150x150.png 150w\" sizes=\"(max-width: 512px) 100vw, 512px\" \/>\t\t\t\t\t\t\t\t\t\t\t<figcaption class=\"widget-image-caption wp-caption-text\">La Paris Perfume Week ouvre ses portes demain au Palais Brongniart, et jusqu'au 11 avril : un \u00e9v\u00e9nement durant lequel Paris devient, pendant trois jours, LA capitale internationale du parfum.<\/figcaption>\n\t\t\t\t\t\t\t\t\t\t<\/figure>\n\t\t\t\t\t\t\t\t\t<\/div>\n\t\t\t\t<\/div>\n\t\t\t\t\t<\/div>\n\t\t\t\t<\/div>\n\t\t\t\t<\/div>\n\t\t","protected":false},"excerpt":{"rendered":"<p>UN TOURBILLON VOLANT C\u00c9L\u00c9BRANT LES 100 ANS DU TRIDENT Une \u00e9dition limit\u00e9e de 100 pi\u00e8ces c\u00e9l\u00e9brant la rencontre entre les performances de la Maserati MCPURA et la ma\u00eetrise de la haute horlogerie suisse La Paris Perfume Week ouvre ses portes demain au Palais Brongniart, et jusqu&rsquo;au 11 avril : un \u00e9v\u00e9nement durant lequel Paris devient, [&hellip;]<\/p>\n","protected":false},"author":1,"featured_media":0,"parent":0,"menu_order":0,"comment_status":"closed","ping_status":"closed","template":"","meta":{"_seopress_robots_primary_cat":"","_seopress_titles_title":"","_seopress_titles_desc":"","_seopress_robots_index":"","ocean_post_layout":"","ocean_both_sidebars_style":"","ocean_both_sidebars_content_width":0,"ocean_both_sidebars_sidebars_width":0,"ocean_sidebar":"0","ocean_second_sidebar":"0","ocean_disable_margins":"enable","ocean_add_body_class":"","ocean_shortcode_before_top_bar":"","ocean_shortcode_after_top_bar":"","ocean_shortcode_before_header":"","ocean_shortcode_after_header":"","ocean_has_shortcode":"","ocean_shortcode_after_title":"","ocean_shortcode_before_footer_widgets":"","ocean_shortcode_after_footer_widgets":"","ocean_shortcode_before_footer_bottom":"","ocean_shortcode_after_footer_bottom":"","ocean_display_top_bar":"default","ocean_display_header":"default","ocean_header_style":"","ocean_center_header_left_menu":"0","ocean_custom_header_template":"0","ocean_custom_logo":0,"ocean_custom_retina_logo":0,"ocean_custom_logo_max_width":0,"ocean_custom_logo_tablet_max_width":0,"ocean_custom_logo_mobile_max_width":0,"ocean_custom_logo_max_height":0,"ocean_custom_logo_tablet_max_height":0,"ocean_custom_logo_mobile_max_height":0,"ocean_header_custom_menu":"0","ocean_menu_typo_font_family":"0","ocean_menu_typo_font_subset":"","ocean_menu_typo_font_size":0,"ocean_menu_typo_font_size_tablet":0,"ocean_menu_typo_font_size_mobile":0,"ocean_menu_typo_font_size_unit":"px","ocean_menu_typo_font_weight":"","ocean_menu_typo_font_weight_tablet":"","ocean_menu_typo_font_weight_mobile":"","ocean_menu_typo_transform":"","ocean_menu_typo_transform_tablet":"","ocean_menu_typo_transform_mobile":"","ocean_menu_typo_line_height":0,"ocean_menu_typo_line_height_tablet":0,"ocean_menu_typo_line_height_mobile":0,"ocean_menu_typo_line_height_unit":"","ocean_menu_typo_spacing":0,"ocean_menu_typo_spacing_tablet":0,"ocean_menu_typo_spacing_mobile":0,"ocean_menu_typo_spacing_unit":"","ocean_menu_link_color":"","ocean_menu_link_color_hover":"","ocean_menu_link_color_active":"","ocean_menu_link_background":"","ocean_menu_link_hover_background":"","ocean_menu_link_active_background":"","ocean_menu_social_links_bg":"","ocean_menu_social_hover_links_bg":"","ocean_menu_social_links_color":"","ocean_menu_social_hover_links_color":"","ocean_disable_title":"default","ocean_disable_heading":"default","ocean_post_title":"","ocean_post_subheading":"","ocean_post_title_style":"","ocean_post_title_background_color":"","ocean_post_title_background":0,"ocean_post_title_bg_image_position":"","ocean_post_title_bg_image_attachment":"","ocean_post_title_bg_image_repeat":"","ocean_post_title_bg_image_size":"","ocean_post_title_height":0,"ocean_post_title_bg_overlay":0.5,"ocean_post_title_bg_overlay_color":"","ocean_disable_breadcrumbs":"default","ocean_breadcrumbs_color":"","ocean_breadcrumbs_separator_color":"","ocean_breadcrumbs_links_color":"","ocean_breadcrumbs_links_hover_color":"","ocean_display_footer_widgets":"default","ocean_display_footer_bottom":"default","ocean_custom_footer_template":"0","omw_enable_modal_window":"enable","footnotes":""},"class_list":["post-413","page","type-page","status-publish","hentry","entry"],"jetpack_sharing_enabled":true,"_links":{"self":[{"href":"https:\/\/francaises-ethniques.com\/index.php\/wp-json\/wp\/v2\/pages\/413","targetHints":{"allow":["GET"]}}],"collection":[{"href":"https:\/\/francaises-ethniques.com\/index.php\/wp-json\/wp\/v2\/pages"}],"about":[{"href":"https:\/\/francaises-ethniques.com\/index.php\/wp-json\/wp\/v2\/types\/page"}],"author":[{"embeddable":true,"href":"https:\/\/francaises-ethniques.com\/index.php\/wp-json\/wp\/v2\/users\/1"}],"replies":[{"embeddable":true,"href":"https:\/\/francaises-ethniques.com\/index.php\/wp-json\/wp\/v2\/comments?post=413"}],"version-history":[{"count":7,"href":"https:\/\/francaises-ethniques.com\/index.php\/wp-json\/wp\/v2\/pages\/413\/revisions"}],"predecessor-version":[{"id":760,"href":"https:\/\/francaises-ethniques.com\/index.php\/wp-json\/wp\/v2\/pages\/413\/revisions\/760"}],"wp:attachment":[{"href":"https:\/\/francaises-ethniques.com\/index.php\/wp-json\/wp\/v2\/media?parent=413"}],"curies":[{"name":"wp","href":"https:\/\/api.w.org\/{rel}","templated":true}]}}

<div data-elementor-type="wp-page" data-elementor-id="413" class="elementor elementor-413">
				<div class="elementor-element elementor-element-7f7d620 e-flex e-con-boxed e-con e-parent" data-id="7f7d620" data-element_type="container" data-e-type="container">
					<div class="e-con-inner">
		<div class="elementor-element elementor-element-ac33ec7 e-con-full e-flex e-con e-child" data-id="ac33ec7" data-element_type="container" data-e-type="container">
				<div class="elementor-element elementor-element-39ec1be elementor-widget elementor-widget-image" data-id="39ec1be" data-element_type="widget" data-e-type="widget" data-widget_type="image.default">
												<figure class="wp-caption">
										<img alt="" fetchpriority="high" decoding="async" width="512" height="512" src="https://francaises-ethniques.com/wp-content/uploads/2026/04/MASERATI-ET-BIANCHET-DEVOILENT-ULTRAFINO-MASERATI-.png" class="attachment-large size-large wp-image-755" alt="" srcset="https://francaises-ethniques.com/wp-content/uploads/2026/04/MASERATI-ET-BIANCHET-DEVOILENT-ULTRAFINO-MASERATI-.png 512w, https://francaises-ethniques.com/wp-content/uploads/2026/04/MASERATI-ET-BIANCHET-DEVOILENT-ULTRAFINO-MASERATI--300x300.png 300w, https://francaises-ethniques.com/wp-content/uploads/2026/04/MASERATI-ET-BIANCHET-DEVOILENT-ULTRAFINO-MASERATI--150x150.png 150w" sizes="(max-width: 512px) 100vw, 512px" />											<figcaption class="widget-image-caption wp-caption-text">UN TOURBILLON VOLANT CÉLÉBRANT LES 100 ANS DU TRIDENT Une édition limitée de 100 pièces célébrant la rencontre entre les performances de la Maserati MCPURA et la maîtrise de la haute horlogerie suisse</figcaption>
										</figure>
									</div>
				</div>
		<div class="elementor-element elementor-element-fa4d1fa e-con-full e-flex e-con e-child" data-id="fa4d1fa" data-element_type="container" data-e-type="container">
				<div class="elementor-element elementor-element-9fb7773 elementor-widget elementor-widget-image" data-id="9fb7773" data-element_type="widget" data-e-type="widget" data-widget_type="image.default">
												<figure class="wp-caption">
										<img alt="" decoding="async" width="512" height="512" src="https://francaises-ethniques.com/wp-content/uploads/2026/04/Paris-perfume-week-1.png" class="attachment-large size-large wp-image-757" alt="" srcset="https://francaises-ethniques.com/wp-content/uploads/2026/04/Paris-perfume-week-1.png 512w, https://francaises-ethniques.com/wp-content/uploads/2026/04/Paris-perfume-week-1-300x300.png 300w, https://francaises-ethniques.com/wp-content/uploads/2026/04/Paris-perfume-week-1-150x150.png 150w" sizes="(max-width: 512px) 100vw, 512px" />											<figcaption class="widget-image-caption wp-caption-text">La Paris Perfume Week ouvre ses portes demain au Palais Brongniart, et jusqu'au 11 avril : un événement durant lequel Paris devient, pendant trois jours, LA capitale internationale du parfum.</figcaption>
										</figure>
									</div>
				</div>
					</div>
				</div>
				</div>

<p>UN TOURBILLON VOLANT CÉLÉBRANT LES 100 ANS DU TRIDENT Une édition limitée de 100 pièces célébrant la rencontre entre les performances de la Maserati MCPURA et la maîtrise de la haute horlogerie suisse La Paris Perfume Week ouvre ses portes demain au Palais Brongniart, et jusqu&rsquo;au 11 avril : un événement durant lequel Paris devient, [&hellip;]</p>
